igit of 32159?
1
What is the millions digit of 3496411?
3
What is the ten thousands digit of 139025?
3
What is the hundred thousands digit of 18795757?
7
What is the hundreds digit of 1032547?
5
What is the ten thousands digit of 603125?
0
What is the units digit of 901199?
9
What is the hundred thousands digit of 4777472?
7
What is the millions digit of 6174696?
6
What is the tens digit of 13980942?
4
What is the hundred thousands digit of 173280?
1
What is the units digit of 26494?
4
What is the tens digit of 2155909?
0
What is the ten thousands digit of 11056651?
5
What is the tens digit of 125784?
8
What is the hundred thousands digit of 1237723?
2
What is the tens digit of 233282?
8
What is the hundred thousands digit of 5017590?
0
What is the hundreds digit of 2903618?
6
What is the ten thousands digit of 824514?
2
What is the ten thousands digit of 3768670?
6
What is the hundreds digit of 1348390?
3
What is the ten thousands digit of 303479?
0
What is the hundred thousands digit of 7218113?
2
What is the hundreds digit of 1453657?
6
What is the hundred thousands digit of 4363889?
3
What is the hundreds digit of 778635?
6
What is the units digit of 220428?
8
What is the units digit of 425907?
7
What is the hundred thousands digit of 1517043?
5
What is the units digit of 448843?
3
What is the units digit of 69812?
2
What is the hundreds digit of 2319204?
2
What is the hundred thousands digit of 2591778?
5
What is the units digit of 136989?
9
What is the hundreds digit of 10154875?
8
What is the units digit of 93185?
5
What is the hundred thousands digit of 4519236?
5
What is the units digit of 205225?
5
What is the ten thousands digit of 5030602?
3
What is the tens digit of 30145?
4
What is the units digit of 1328943?
3
What is the units digit of 1327650?
0
What is the hundreds digit of 1657296?
2
What is the hundred thousands digit of 954378?
9
What is the thousands digit of 909835?
9
What is the units digit of 110305?
5
What is the hundred thousands digit of 7097265?
0
What is the units digit of 500546?
6
What is the units digit of 1583698?
8
What is the ten thousands digit of 68429?
6
What is the thousands digit of 19905440?
5
What is the hundred thousands digit of 10419042?
4
What is the hundred thousands digit of 831880?
8
What is the tens digit of 498645?
4
What is the millions digit of 33220843?
3
What is the ten thousands digit of 5644948?
4
What is the thousands digit of 1477958?
7
What is the thousands digit of 1011912?
1
What is the ten thousands digit of 343305?
4
What is the thousands digit of 238310?
8
What is the ten thousands digit of 7388428?
8
What is the thousands digit of 3330494?
0
What is the units digit of 2311895?
5
What is the thousands digit of 708223?
8
What is the millions digit of 16097952?
6
What is the thousands digit of 204354?
4
What is the hundred thousands digit of 187133?
1
What is the hundred thousands digit of 1329069?
3
What is the hundreds digit of 851155?
1
What is the hundred thousands digit of 3624233?
6
What is the thousands digit of 104249?
4
What is the millions digit of 1677668?
1
What is the units digit of 3174388?
8
What is the millions digit of 6216592?
6
What is the tens digit of 1722594?
9
What is the tens digit of 943066?
6
What is the hundreds digit of 28264?
2
What is the thousands digit of 174997?
4
What is the thousands digit of 460324?
0
What is the hundreds digit of 6686?
6
What is the hundred thousands digit of 294396?
2
What is the ten thousands digit of 726998?
2
What is the units digit of 65036?
6
What is the units digit of 3541328?
8
What is the thousands digit of 5040206?
0
What is the ten thousands digit of 453312?
5
What is the hundred thousands digit of 200613?
2
What is the millions digit of 1818243?
1
What is the units digit of 3171649?
9
What is the ten thousands digit of 129448?
2
What is the tens digit of 3547024?
2
What is the ten thousands digit of 9279444?
7
What is the thousands digit of 198294?
8
What is the ten millions digit of 14761702?
1
What is the thousands digit of 499475?
9
What is the units digit of 3721327?
7
What is the hundreds digit of 207361?
3
What is the hundreds digit of 100586?
5
What is the units digit of 324449?
9
What is the millions digit of 6048540?
6
What is the units digit of 26016232?
2
What is the tens digit of 2570079?
7
What is the tens digit of 6686889?
8
What is the hundreds digit of 409882?
8
What is the hundred thousands digit of 440162?
4
What is the ten thousands digit of 26128818?
2
What is the ten thousands digit of 274440?
7
What is the hundred thousands digit of 159221?
1
What is the tens digit of 9038434?
3
What is the ten thousands digit of 120189?
2
What is the hundred thousands digit of 4089465?
0
What is the ten thousands digit of 441734?
4
What is the units digit of 217483?
3
What is the ten thousands digit of 2981285?
8
What is the hundred thousands digit of 11378634?
3
What is the thousands digit of 227737?
7
What is the hundreds digit of 51290?
2
What is the tens digit of 226615?
1
What is the hundred thousands digit of 844827?
8
What is the thousands digit of 2686?
2
What is the tens digit of 2481227?
2
What is the tens digit of 23929592?
9
What is the ten millions digit of 10000691?
1
What is the hundred thousands digit of 508617?
5
What is the ten thousands digit of 21628857?
2
What is the hundred thousands digit of 4498982?
4
What is the millions digit of 3490165?
3
What is the hundred thousands digit of 8415763?
4
What is the ten thousands digit of 11948391?
4
What is the ten thousands digit of 1945625?
4
What is the hundred thousands digit of 4484701?
4
What is the hundred thousands digit of 7039483?
0
What is the thousands digit of 175690?
5
What is the millions digit of 3399332?
3
What is the units digit of 9897519?
9
What is the units digit of 326816?
6
What is the ten thousands digit of 196661?
9
What is the hundreds digit of 705009?
0
What is the tens digit of 6414291?
9
What is the hundred thousands digit of 649186?
6
What is the tens digit of 7264494?
9
What is the hundreds digit of 2151443?
4
What is the hundred thousands digit of 5813528?
8
What is the hundred thousands digit of 1747667?
7
What is the hundreds digit of 275539?
5
What is the hundreds digit of 8152787?
7
What is the tens digit of 36775?
7
What is the ten thousands digit of 578976?
7
What is the millions digit of 2252785?
2
What is the thousands digit of 36960164?
0
What is the ten thousands digit of 608677?
0
What is the units digit of 1280582?
2
What is the hundred thousands digit of 4194545?
1
What is the hundreds digit of 480536?
5
What is the ten thousands digit of 1402090?
0
What is the units digit of 9727624?
4
What is the ten thousands digit of 331716?
3
What is the ten thousands digit of 1303334?
0
What is the tens digit of 72336?
3
What is the hundreds digit of 12770555?
5
What is the hundreds digit of 660716?
7
What is the hundred thousands digit of 1828426?
8
What is the hundreds digit of 7462476?
4
What is the units digit of 3722941?
1
What is the thousands digit of 6492163?
2
What is the tens digit of 917832?
3
What is the thousands digit of 100158?
0
What is the thousands digit of 2636891?
6
What is the millions digit of 2637773?
2
What is the hundred thousands digit of 8606806?
6
What is the ten thousands digit of 4136847?
3
What is the thousands digit of 36283?
6
What is the hundred thousands digit of 3327105?
3
What is the units digit of 296676?
6
What is the hundred thousands digit of 7327806?
3
What is the hundred thousands digit of 757037?
7
What is the ten thousands digit of 7456008?
5
What is the ten thousands digit of 168177?
6
What is the units digit of 389636?
6
What is the millions digit of 3183412?
3
What is the units digit of 44610?
0
What is the ten thousands digit of 2154094?
5
What is the ten thousands digit of 340904?
4
What is the hundred thousands digit of 336875?
3
What is the units digit of 859104?
4
What is the ten thousands digit of 636444?
3
What is the hundreds digit of 5243283?
2
What is the ten thousands digit of 570234?
7
What is the millions digit of 2220734?
2
What is the hundred thousands digit of 7902779?
9
What is the units digit of 1230640?
0
What is the units digit of 71188?
8
What